e highest common factor of 1288 and 214199.
23
What is the highest common factor of 1703730 and 1708?
854
Calculate the greatest common divisor of 68046 and 198.
66
Calculate the greatest common divisor of 50180 and 33196.
772
What is the greatest common factor of 8 and 58372?
4
Calculate the highest common divisor of 4390 and 60.
10
Calculate the greatest common factor of 14967 and 63.
9
What is the greatest common factor of 386 and 363226?
386
What is the greatest common divisor of 35 and 527905?
35
Calculate the highest common divisor of 15582 and 22687.
49
Calculate the greatest common divisor of 251674 and 7733.
703
Calculate the highest common divisor of 966 and 1219.
23
Calculate the highest common divisor of 190 and 10120.
10
Calculate the greatest common divisor of 35775 and 1080.
135
Calculate the greatest common factor of 691390 and 3320.
830
Calculate the highest common divisor of 63403 and 19.
19
Calculate the highest common divisor of 1500551 and 2049.
683
Calculate the highest common divisor of 200 and 4500.
100
What is the highest common factor of 70308 and 216?
108
Calculate the greatest common factor of 9 and 39671.
1
Calculate the highest common divisor of 8 and 357208.
8
What is the highest common factor of 150 and 45420?
30
Calculate the greatest common divisor of 86366 and 5174.
398
What is the greatest common factor of 340 and 19940?
20
Calculate the greatest common factor of 5 and 10295.
5
Calculate the greatest common divisor of 12104 and 890.
178
Calculate the highest common factor of 9245640 and 40.
40
What is the highest common factor of 115 and 9292?
23
What is the greatest common factor of 133 and 4883?
19
Calculate the greatest common factor of 152 and 23224.
8
What is the greatest common factor of 3292542 and 44?
22
Calculate the greatest common factor of 54300 and 1140.
60
What is the highest common divisor of 56339 and 7102?
53
Calculate the highest common factor of 750619 and 37.
37
What is the greatest common divisor of 210 and 138030?
30
Calculate the highest common factor of 64777 and 25481.
307
What is the highest common factor of 468 and 1971684?
468
What is the highest common divisor of 20944 and 5831?
119
Calculate the highest common factor of 98363 and 665.
19
What is the greatest common factor of 72974 and 3751?
341
What is the highest common divisor of 31200 and 390?
390
Calculate the highest common factor of 18 and 1041075.
9
Calculate the highest common divisor of 7 and 3647.
7
Calculate the highest common divisor of 70596 and 3404.
148
Calculate the highest common factor of 21768 and 120.
24
What is the greatest common factor of 32 and 75536?
16
What is the highest common divisor of 855 and 55765?
95
What is the greatest common factor of 324 and 182034?
54
Calculate the greatest common factor of 2800 and 1932.
28
Calculate the highest common factor of 60 and 36910.
10
What is the highest common factor of 6 and 607320?
6
Calculate the greatest common factor of 3157 and 406.
7
What is the highest common factor of 1990 and 640?
10
Calculate the highest common factor of 198810 and 36.
18
What is the highest common factor of 2430 and 175446?
486
What is the highest common divisor of 1013698 and 854?
854
What is the highest common divisor of 335 and 67?
67
Calculate the highest common divisor of 5753726 and 55.
11
What is the highest common divisor of 280 and 108080?
280
Calculate the highest common divisor of 9477 and 42003.
117
Calculate the greatest common divisor of 20139 and 245.
49
What is the greatest common factor of 285 and 1368?
57
What is the highest common divisor of 1134 and 972?
162
What is the highest common factor of 92256 and 9300?
372
Calculate the greatest common factor of 5490 and 20.
10
Calculate the highest common factor of 3105 and 25070.
115
Calculate the highest common divisor of 2056 and 114.
2
Calculate the highest common divisor of 921256 and 104.
8
Calculate the greatest common factor of 157070 and 6255.
695
What is the greatest common divisor of 2345932 and 68?
68
What is the greatest common divisor of 119 and 21553?
7
Calculate the greatest common factor of 87 and 1086485.
29
Calculate the highest common divisor of 7 and 546693.
7
What is the highest common divisor of 1482 and 13642?
38
What is the highest common factor of 44844 and 111?
111
Calculate the greatest common factor of 833 and 459.
17
What is the greatest common divisor of 97788 and 348?
348
Calculate the highest common divisor of 477022 and 910.
182
Calculate the highest common factor of 360359 and 173.
173
What is the greatest common factor of 125 and 1536725?
25
Calculate the highest common divisor of 266 and 300276.
38
What is the greatest common factor of 10 and 16920?
10
Calculate the greatest common divisor of 75933 and 118.
59
Calculate the greatest common divisor of 166 and 215219.
83
Calculate the greatest common factor of 256 and 1.
1
Calculate the greatest common divisor of 28995 and 75.
15
What is the greatest common divisor of 116356 and 684?
76
Calculate the greatest common divisor of 225777 and 8721.
969
Calculate the highest common divisor of 9175988 and 34.
34
What is the highest common factor of 262328 and 271?
271
What is the highest common divisor of 28016 and 1207984?
1648
What is the greatest common divisor of 95 and 9070125?
95
What is the greatest common factor of 28 and 167244?
28
Calculate the highest common divisor of 3828 and 4524.
348
Calculate the highest common divisor of 15157 and 403967.
659
Calculate the highest common divisor of 988 and 40976.
52
What is the highest common factor of 17075 and 73764?
683
Calculate the greatest common divisor of 44 and 85481.
11
Calculate the greatest common divisor of 1472 and 2385008.
368
What is the greatest common factor of 30895 and 185?
185
Calculate the greatest common factor of 1230 and 14959875.
615
Calculate the highest common factor of 30516832 and 8.
8
What is the highest common factor of 31620 and 8415?
255
What is the greatest common divisor of 864 and 321894?
54
Calculate the highest common factor of 420 and 51100.
140
Calculate the greatest common divisor of 43158 and 6.
6
What is the highest common divisor of 79073 and 3?
1
What is the highest common divisor of 180 and 1684926?
18
What is the highest common divisor of 3652 and 1408?
44
What is the highest common factor of 198 and 193302?
18
Calculate the greatest common factor of 1927 and 799.
47
What is the greatest common factor of 18113 and 10207?
59
Calculate the greatest common divisor of 5856 and 384.
96
Calculate the greatest common factor of 1773 and 5058960.
591
Calculate the highest common factor of 302 and 139222.
302
What is the greatest common factor of 5152 and 213472?
224
Calculate the highest common divisor of 39 and 129389.
13
Calculate the highest common divisor of 401634 and 1908.
954
What is the greatest common factor of 36088 and 416?
104
What is the greatest common divisor of 4898 and 93?
31
Calculate the greatest common factor of 1521047 and 1166.
583
What is the greatest common factor of 558404 and 88?
44
Calculate the greatest common factor of 7845 and 2242101.
1569
What is the highest common divisor of 61284 and 156?
12
Calculate the greatest common divisor of 1404039 and 7.
7
Calculate the highest common factor of 1136010 and 95.
95
Calculate the greatest common divisor of 243 and 1845.
9
What is the highest common divisor of 434 and 22754?
62
Calculate the highest common divisor of 59185 and 1995.
665
What is the greatest common divisor of 2322 and 73917?
387
Calculate the greatest common divisor of 207 and 4094.
23
What is the greatest common factor of 4810 and 2106?
26
What is the greatest common factor of 260 and 115115?
65
What is the greatest common divisor of 163 and 291281?
163
What is the highest common divisor of 36747 and 1503?
9
What is the highest common factor of 119 and 5797?
17
What is the highest common divisor of 1380 and 171580?
460
What is the greatest common divisor of 98714 and 1694?
154
What is the greatest common divisor of 2535 and 2375?
5
Calculate the greatest common factor of 715780 and 65.
65
What is the highest common divisor of 4698 and 60146?
58
What is the greatest common divisor of 460 and 3860?
20
Calculate the